{"id":1751,"date":"2024-06-04T08:47:49","date_gmt":"2024-06-04T08:47:49","guid":{"rendered":"https:\/\/test87546.futurehost.pl\/?page_id=1751"},"modified":"2024-06-04T08:51:24","modified_gmt":"2024-06-04T08:51:24","slug":"wystawy-2","status":"publish","type":"page","link":"https:\/\/test87546.futurehost.pl\/?page_id=1751","title":{"rendered":"Wystawy"},"content":{"rendered":"\t\t<div data-elementor-type=\"wp-page\" data-elementor-id=\"1751\" class=\"elementor elementor-1751\" data-elementor-post-type=\"page\">\n\t\t\t\t<div class=\"elementor-element elementor-element-0b32c60 e-flex e-con-boxed e-con e-parent\" data-id=\"0b32c60\" data-element_type=\"container\">\n\t\t\t\t\t<div class=\"e-con-inner\">\n\t\t\t\t<div class=\"elementor-element elementor-element-5ff59de elementor-grid-3 elementor-grid-tablet-2 elementor-grid-mobile-1 elementor-posts--thumbnail-top elementor-widget elementor-widget-posts\" data-id=\"5ff59de\" data-element_type=\"widget\" data-settings=\"{&quot;pagination_type&quot;:&quot;numbers&quot;,&quot;classic_columns&quot;:&quot;3&quot;,&quot;classic_columns_tablet&quot;:&quot;2&quot;,&quot;classic_columns_mobile&quot;:&quot;1&quot;,&quot;classic_row_gap&quot;:{&quot;unit&quot;:&quot;px&quot;,&quot;size&quot;:35,&quot;sizes&quot;:[]},&quot;classic_row_gap_tablet&quot;:{&quot;unit&quot;:&quot;px&quot;,&quot;size&quot;:&quot;&quot;,&quot;sizes&quot;:[]},&quot;classic_row_gap_mobile&quot;:{&quot;unit&quot;:&quot;px&quot;,&quot;size&quot;:&quot;&quot;,&quot;sizes&quot;:[]}}\" data-widget_type=\"posts.classic\">\n\t\t\t\t<div class=\"elementor-widget-container\">\n\t\t\t\t\t\t\t<div class=\"elementor-posts-container elementor-posts elementor-posts--skin-classic elementor-grid\">\n\t\t\t\t<article class=\"elementor-post elementor-grid-item post-1743 post type-post status-publish format-standard has-post-thumbnail hentry category-wystawy\">\n\t\t\t\t<a class=\"elementor-post__thumbnail__link\" href=\"https:\/\/test87546.futurehost.pl\/?p=1743\" tabindex=\"-1\" >\n\t\t\t<div class=\"elementor-post__thumbnail\"><img fetchpriority=\"high\" decoding=\"async\" width=\"1807\" height=\"2560\" src=\"https:\/\/test87546.futurehost.pl\/wp-content\/uploads\/2024\/06\/001_Zapowiedz-1-scaled.jpg\" class=\"attachment-full size-full wp-image-1745\" alt=\"\" srcset=\"https:\/\/test87546.futurehost.pl\/wp-content\/uploads\/2024\/06\/001_Zapowiedz-1-scaled.jpg 1807w, https:\/\/test87546.futurehost.pl\/wp-content\/uploads\/2024\/06\/001_Zapowiedz-1-212x300.jpg 212w, https:\/\/test87546.futurehost.pl\/wp-content\/uploads\/2024\/06\/001_Zapowiedz-1-723x1024.jpg 723w, https:\/\/test87546.futurehost.pl\/wp-content\/uploads\/2024\/06\/001_Zapowiedz-1-768x1088.jpg 768w, https:\/\/test87546.futurehost.pl\/wp-content\/uploads\/2024\/06\/001_Zapowiedz-1-1084x1536.jpg 1084w, https:\/\/test87546.futurehost.pl\/wp-content\/uploads\/2024\/06\/001_Zapowiedz-1-1446x2048.jpg 1446w, https:\/\/test87546.futurehost.pl\/wp-content\/uploads\/2024\/06\/001_Zapowiedz-1-494x700.jpg 494w\" sizes=\"(max-width: 1807px) 100vw, 1807px\" \/><\/div>\n\t\t<\/a>\n\t\t\t\t<div class=\"elementor-post__text\">\n\t\t\t\t<h3 class=\"elementor-post__title\">\n\t\t\t<a href=\"https:\/\/test87546.futurehost.pl\/?p=1743\" >\n\t\t\t\tWystawa \u201eStanis\u0142aw\u00f3w. Z \u017cycia miasta\u201d\t\t\t<\/a>\n\t\t<\/h3>\n\t\t\t\t<div class=\"elementor-post__meta-data\">\n\t\t\t\t\t<span class=\"elementor-post-date\">\n\t\t\t2024-06-04\t\t<\/span>\n\t\t\t\t<\/div>\n\t\t\t\t<div class=\"elementor-post__excerpt\">\n\t\t\t<p>Wystawa \u201eStanis\u0142aw\u00f3w. Z \u017cycia miasta\u201d jest okazj\u0105 zajrze\u0107 do dawnego Stanis\u0142awowa i sprawdzi\u0107 jak \u017cy\u0142o miasto, kt\u00f3re w okresie zabor\u00f3w<\/p>\n\t\t<\/div>\n\t\t\n\t\t<a class=\"elementor-post__read-more\" href=\"https:\/\/test87546.futurehost.pl\/?p=1743\" aria-label=\"Read more about Wystawa \u201eStanis\u0142aw\u00f3w. Z \u017cycia miasta\u201d\" tabindex=\"-1\" >\n\t\t\tCZYTAJ WI\u0118CEJ\t\t<\/a>\n\n\t\t\t\t<\/div>\n\t\t\t\t<\/article>\n\t\t\t\t<article class=\"elementor-post elementor-grid-item post-1739 post type-post status-publish format-standard has-post-thumbnail hentry category-wystawy\">\n\t\t\t\t<a class=\"elementor-post__thumbnail__link\" href=\"https:\/\/test87546.futurehost.pl\/?p=1739\" tabindex=\"-1\" >\n\t\t\t<div class=\"elementor-post__thumbnail\"><img decoding=\"async\" width=\"1808\" height=\"2560\" src=\"https:\/\/test87546.futurehost.pl\/wp-content\/uploads\/2024\/06\/001_Zapowiedz-scaled.jpg\" class=\"attachment-full size-full wp-image-1740\" alt=\"\" srcset=\"https:\/\/test87546.futurehost.pl\/wp-content\/uploads\/2024\/06\/001_Zapowiedz-scaled.jpg 1808w, https:\/\/test87546.futurehost.pl\/wp-content\/uploads\/2024\/06\/001_Zapowiedz-212x300.jpg 212w, https:\/\/test87546.futurehost.pl\/wp-content\/uploads\/2024\/06\/001_Zapowiedz-723x1024.jpg 723w, https:\/\/test87546.futurehost.pl\/wp-content\/uploads\/2024\/06\/001_Zapowiedz-768x1088.jpg 768w, https:\/\/test87546.futurehost.pl\/wp-content\/uploads\/2024\/06\/001_Zapowiedz-1085x1536.jpg 1085w, https:\/\/test87546.futurehost.pl\/wp-content\/uploads\/2024\/06\/001_Zapowiedz-1446x2048.jpg 1446w, https:\/\/test87546.futurehost.pl\/wp-content\/uploads\/2024\/06\/001_Zapowiedz-494x700.jpg 494w\" sizes=\"(max-width: 1808px) 100vw, 1808px\" \/><\/div>\n\t\t<\/a>\n\t\t\t\t<div class=\"elementor-post__text\">\n\t\t\t\t<h3 class=\"elementor-post__title\">\n\t\t\t<a href=\"https:\/\/test87546.futurehost.pl\/?p=1739\" >\n\t\t\t\tWystawa \u201eStanis\u0142awowianie\u201d\t\t\t<\/a>\n\t\t<\/h3>\n\t\t\t\t<div class=\"elementor-post__meta-data\">\n\t\t\t\t\t<span class=\"elementor-post-date\">\n\t\t\t2024-06-04\t\t<\/span>\n\t\t\t\t<\/div>\n\t\t\t\t<div class=\"elementor-post__excerpt\">\n\t\t\t<p>Sylwetki wybitnych i zas\u0142u\u017conych Polak\u00f3w zwi\u0105zanych ze Stanis\u0142awowem i Ziemi\u0105 Stanis\u0142awowsk\u0105. Aktorzy, re\u017cyserowie, literaci, wojskowi, urz\u0119dnicy, in\u017cynierowie \u2013 to w\u0142a\u015bnie<\/p>\n\t\t<\/div>\n\t\t\n\t\t<a class=\"elementor-post__read-more\" href=\"https:\/\/test87546.futurehost.pl\/?p=1739\" aria-label=\"Read more about Wystawa \u201eStanis\u0142awowianie\u201d\" tabindex=\"-1\" >\n\t\t\tCZYTAJ WI\u0118CEJ\t\t<\/a>\n\n\t\t\t\t<\/div>\n\t\t\t\t<\/article>\n\t\t\t\t<article class=\"elementor-post elementor-grid-item post-1733 post type-post status-publish format-standard has-post-thumbnail hentry category-wystawy\">\n\t\t\t\t<a class=\"elementor-post__thumbnail__link\" href=\"https:\/\/test87546.futurehost.pl\/?p=1733\" tabindex=\"-1\" >\n\t\t\t<div class=\"elementor-post__thumbnail\"><img decoding=\"async\" width=\"1807\" height=\"2560\" src=\"https:\/\/test87546.futurehost.pl\/wp-content\/uploads\/2024\/06\/001_Potoccy1-scaled.jpg\" class=\"attachment-full size-full wp-image-1737\" alt=\"\" srcset=\"https:\/\/test87546.futurehost.pl\/wp-content\/uploads\/2024\/06\/001_Potoccy1-scaled.jpg 1807w, https:\/\/test87546.futurehost.pl\/wp-content\/uploads\/2024\/06\/001_Potoccy1-212x300.jpg 212w, https:\/\/test87546.futurehost.pl\/wp-content\/uploads\/2024\/06\/001_Potoccy1-723x1024.jpg 723w, https:\/\/test87546.futurehost.pl\/wp-content\/uploads\/2024\/06\/001_Potoccy1-768x1088.jpg 768w, https:\/\/test87546.futurehost.pl\/wp-content\/uploads\/2024\/06\/001_Potoccy1-1084x1536.jpg 1084w, https:\/\/test87546.futurehost.pl\/wp-content\/uploads\/2024\/06\/001_Potoccy1-1445x2048.jpg 1445w, https:\/\/test87546.futurehost.pl\/wp-content\/uploads\/2024\/06\/001_Potoccy1-494x700.jpg 494w\" sizes=\"(max-width: 1807px) 100vw, 1807px\" \/><\/div>\n\t\t<\/a>\n\t\t\t\t<div class=\"elementor-post__text\">\n\t\t\t\t<h3 class=\"elementor-post__title\">\n\t\t\t<a href=\"https:\/\/test87546.futurehost.pl\/?p=1733\" >\n\t\t\t\tWystawa \u201ePotoccy na Ziemi Lwowskiej, Podolu i Ziemi Halickiej\u201d\t\t\t<\/a>\n\t\t<\/h3>\n\t\t\t\t<div class=\"elementor-post__meta-data\">\n\t\t\t\t\t<span class=\"elementor-post-date\">\n\t\t\t2024-06-04\t\t<\/span>\n\t\t\t\t<\/div>\n\t\t\t\t<div class=\"elementor-post__excerpt\">\n\t\t\t<p>Stanis\u0142aw\u00f3w zaczyna swoj\u0105 histori\u0119 w XVII wieku. To pi\u0119kne miasto \u015bci\u015ble jest zwi\u0105zane z rodem Potockich, gdy\u017c zosta\u0142o za\u0142o\u017cone przez<\/p>\n\t\t<\/div>\n\t\t\n\t\t<a class=\"elementor-post__read-more\" href=\"https:\/\/test87546.futurehost.pl\/?p=1733\" aria-label=\"Read more about Wystawa \u201ePotoccy na Ziemi Lwowskiej, Podolu i Ziemi Halickiej\u201d\" tabindex=\"-1\" >\n\t\t\tCZYTAJ WI\u0118CEJ\t\t<\/a>\n\n\t\t\t\t<\/div>\n\t\t\t\t<\/article>\n\t\t\t\t<article class=\"elementor-post elementor-grid-item post-1728 post type-post status-publish format-standard has-post-thumbnail hentry category-wystawy\">\n\t\t\t\t<a class=\"elementor-post__thumbnail__link\" href=\"https:\/\/test87546.futurehost.pl\/?p=1728\" tabindex=\"-1\" >\n\t\t\t<div class=\"elementor-post__thumbnail\"><img loading=\"lazy\" decoding=\"async\" width=\"1772\" height=\"2560\" src=\"https:\/\/test87546.futurehost.pl\/wp-content\/uploads\/2024\/06\/001_Nie_tylko_Mickiewicz-scaled.jpg\" class=\"attachment-full size-full wp-image-1730\" alt=\"\" srcset=\"https:\/\/test87546.futurehost.pl\/wp-content\/uploads\/2024\/06\/001_Nie_tylko_Mickiewicz-scaled.jpg 1772w, https:\/\/test87546.futurehost.pl\/wp-content\/uploads\/2024\/06\/001_Nie_tylko_Mickiewicz-208x300.jpg 208w, https:\/\/test87546.futurehost.pl\/wp-content\/uploads\/2024\/06\/001_Nie_tylko_Mickiewicz-709x1024.jpg 709w, https:\/\/test87546.futurehost.pl\/wp-content\/uploads\/2024\/06\/001_Nie_tylko_Mickiewicz-768x1109.jpg 768w, https:\/\/test87546.futurehost.pl\/wp-content\/uploads\/2024\/06\/001_Nie_tylko_Mickiewicz-1063x1536.jpg 1063w, https:\/\/test87546.futurehost.pl\/wp-content\/uploads\/2024\/06\/001_Nie_tylko_Mickiewicz-485x700.jpg 485w\" sizes=\"(max-width: 1772px) 100vw, 1772px\" \/><\/div>\n\t\t<\/a>\n\t\t\t\t<div class=\"elementor-post__text\">\n\t\t\t\t<h3 class=\"elementor-post__title\">\n\t\t\t<a href=\"https:\/\/test87546.futurehost.pl\/?p=1728\" >\n\t\t\t\tWystawa \u201eNie tylko Mickiewicz\u2026 Wybrane pomniki i tablice pami\u0105tkowe Stanis\u0142awowa\u201d\t\t\t<\/a>\n\t\t<\/h3>\n\t\t\t\t<div class=\"elementor-post__meta-data\">\n\t\t\t\t\t<span class=\"elementor-post-date\">\n\t\t\t2024-06-04\t\t<\/span>\n\t\t\t\t<\/div>\n\t\t\t\t<div class=\"elementor-post__excerpt\">\n\t\t\t<p>Wystawa \u201eNie tylko Mickiewicz\u2026 Wybrane pomniki i tablice pami\u0105tkowe Stanis\u0142awowa\u201d jest wycinkiem z historii Stanis\u0142awowa, przedstawiaj\u0105cym dziedzictwo, zwi\u0105zane z Polsk\u0105,<\/p>\n\t\t<\/div>\n\t\t\n\t\t<a class=\"elementor-post__read-more\" href=\"https:\/\/test87546.futurehost.pl\/?p=1728\" aria-label=\"Read more about Wystawa \u201eNie tylko Mickiewicz\u2026 Wybrane pomniki i tablice pami\u0105tkowe Stanis\u0142awowa\u201d\" tabindex=\"-1\" >\n\t\t\tCZYTAJ WI\u0118CEJ\t\t<\/a>\n\n\t\t\t\t<\/div>\n\t\t\t\t<\/article>\n\t\t\t\t<article class=\"elementor-post elementor-grid-item post-1724 post type-post status-publish format-standard has-post-thumbnail hentry category-wystawy\">\n\t\t\t\t<a class=\"elementor-post__thumbnail__link\" href=\"https:\/\/test87546.futurehost.pl\/?p=1724\" tabindex=\"-1\" >\n\t\t\t<div class=\"elementor-post__thumbnail\"><img loading=\"lazy\" decoding=\"async\" width=\"1792\" height=\"2560\" src=\"https:\/\/test87546.futurehost.pl\/wp-content\/uploads\/2024\/06\/001_Tarnawski-scaled.jpg\" class=\"attachment-full size-full wp-image-1725\" alt=\"\" srcset=\"https:\/\/test87546.futurehost.pl\/wp-content\/uploads\/2024\/06\/001_Tarnawski-scaled.jpg 1792w, https:\/\/test87546.futurehost.pl\/wp-content\/uploads\/2024\/06\/001_Tarnawski-210x300.jpg 210w, https:\/\/test87546.futurehost.pl\/wp-content\/uploads\/2024\/06\/001_Tarnawski-717x1024.jpg 717w, https:\/\/test87546.futurehost.pl\/wp-content\/uploads\/2024\/06\/001_Tarnawski-768x1097.jpg 768w, https:\/\/test87546.futurehost.pl\/wp-content\/uploads\/2024\/06\/001_Tarnawski-1075x1536.jpg 1075w, https:\/\/test87546.futurehost.pl\/wp-content\/uploads\/2024\/06\/001_Tarnawski-1434x2048.jpg 1434w, https:\/\/test87546.futurehost.pl\/wp-content\/uploads\/2024\/06\/001_Tarnawski-490x700.jpg 490w\" sizes=\"(max-width: 1792px) 100vw, 1792px\" \/><\/div>\n\t\t<\/a>\n\t\t\t\t<div class=\"elementor-post__text\">\n\t\t\t\t<h3 class=\"elementor-post__title\">\n\t\t\t<a href=\"https:\/\/test87546.futurehost.pl\/?p=1724\" >\n\t\t\t\tWystawa \u201eDo Kosowa, t\u0142usty bracie!\u201d\t\t\t<\/a>\n\t\t<\/h3>\n\t\t\t\t<div class=\"elementor-post__meta-data\">\n\t\t\t\t\t<span class=\"elementor-post-date\">\n\t\t\t2024-06-04\t\t<\/span>\n\t\t\t\t<\/div>\n\t\t\t\t<div class=\"elementor-post__excerpt\">\n\t\t\t<p>Wystawa \u201eDo Kosowa, t\u0142usty bracie!\u201d ukazuje dziedzictwo historyczno-kulturowe, architektoniczne, przyrodnicze i kulinarne dawnego Zak\u0142adu Przyrodoleczniczego doktora Apolinarego Tarnawskiego w Kosowie<\/p>\n\t\t<\/div>\n\t\t\n\t\t<a class=\"elementor-post__read-more\" href=\"https:\/\/test87546.futurehost.pl\/?p=1724\" aria-label=\"Read more about Wystawa \u201eDo Kosowa, t\u0142usty bracie!\u201d\" tabindex=\"-1\" >\n\t\t\tCZYTAJ WI\u0118CEJ\t\t<\/a>\n\n\t\t\t\t<\/div>\n\t\t\t\t<\/article>\n\t\t\t\t<article class=\"elementor-post elementor-grid-item post-1713 post type-post status-publish format-standard has-post-thumbnail hentry category-wystawy\">\n\t\t\t\t<a class=\"elementor-post__thumbnail__link\" href=\"https:\/\/test87546.futurehost.pl\/?p=1713\" tabindex=\"-1\" >\n\t\t\t<div class=\"elementor-post__thumbnail\"><img loading=\"lazy\" decoding=\"async\" width=\"1792\" height=\"2560\" src=\"https:\/\/test87546.futurehost.pl\/wp-content\/uploads\/2024\/06\/001_Zapowiedz_loga_PL-scaled.jpg\" class=\"attachment-full size-full wp-image-1714\" alt=\"\" srcset=\"https:\/\/test87546.futurehost.pl\/wp-content\/uploads\/2024\/06\/001_Zapowiedz_loga_PL-scaled.jpg 1792w, https:\/\/test87546.futurehost.pl\/wp-content\/uploads\/2024\/06\/001_Zapowiedz_loga_PL-210x300.jpg 210w, https:\/\/test87546.futurehost.pl\/wp-content\/uploads\/2024\/06\/001_Zapowiedz_loga_PL-717x1024.jpg 717w, https:\/\/test87546.futurehost.pl\/wp-content\/uploads\/2024\/06\/001_Zapowiedz_loga_PL-768x1097.jpg 768w, https:\/\/test87546.futurehost.pl\/wp-content\/uploads\/2024\/06\/001_Zapowiedz_loga_PL-1075x1536.jpg 1075w, https:\/\/test87546.futurehost.pl\/wp-content\/uploads\/2024\/06\/001_Zapowiedz_loga_PL-1434x2048.jpg 1434w, https:\/\/test87546.futurehost.pl\/wp-content\/uploads\/2024\/06\/001_Zapowiedz_loga_PL-490x700.jpg 490w\" sizes=\"(max-width: 1792px) 100vw, 1792px\" \/><\/div>\n\t\t<\/a>\n\t\t\t\t<div class=\"elementor-post__text\">\n\t\t\t\t<h3 class=\"elementor-post__title\">\n\t\t\t<a href=\"https:\/\/test87546.futurehost.pl\/?p=1713\" >\n\t\t\t\tWystawa \u201eBy\u0142em Polakiem \u2013 obywatelem Ukrainy\u201d\t\t\t<\/a>\n\t\t<\/h3>\n\t\t\t\t<div class=\"elementor-post__meta-data\">\n\t\t\t\t\t<span class=\"elementor-post-date\">\n\t\t\t2024-06-04\t\t<\/span>\n\t\t\t\t<\/div>\n\t\t\t\t<div class=\"elementor-post__excerpt\">\n\t\t\t<p>\u201eTa wystawa zawiera kr\u00f3tkie biografie kilkunastu bohater\u00f3w Ukrainy i Polski, bo jestem przekonany, \u017ce nad Wis\u0142\u0105 jest coraz mniej ludzi,<\/p>\n\t\t<\/div>\n\t\t\n\t\t<a class=\"elementor-post__read-more\" href=\"https:\/\/test87546.futurehost.pl\/?p=1713\" aria-label=\"Read more about Wystawa \u201eBy\u0142em Polakiem \u2013 obywatelem Ukrainy\u201d\" tabindex=\"-1\" >\n\t\t\tCZYTAJ WI\u0118CEJ\t\t<\/a>\n\n\t\t\t\t<\/div>\n\t\t\t\t<\/article>\n\t\t\t\t<\/div>\n\t\t\n\t\t\t\t\t\t<\/div>\n\t\t\t\t<\/div>\n\t\t\t\t\t<\/div>\n\t\t\t\t<\/div>\n\t\t\t\t<\/div>\n\t\t","protected":false},"excerpt":{"rendered":"","protected":false},"author":1,"featured_media":0,"parent":0,"menu_order":0,"comment_status":"closed","ping_status":"closed","template":"","meta":{"site-sidebar-layout":"no-sidebar","site-content-layout":"","ast-site-content-layout":"full-width-container","site-content-style":"default","site-sidebar-style":"default","ast-global-header-display":"","ast-banner-title-visibility":"","ast-main-header-display":"","ast-hfb-above-header-display":"","ast-hfb-below-header-display":"","ast-hfb-mobile-header-display":"","site-post-title":"disabled","ast-breadcrumbs-content":"","ast-featured-img":"disabled","footer-sml-layout":"","ast-disable-related-posts":"","theme-transparent-header-meta":"","adv-header-id-meta":"","stick-header-meta":"","header-above-stick-meta":"","header-main-stick-meta":"","header-below-stick-meta":"","astra-migrate-meta-layouts":"default","ast-page-background-enabled":"default","ast-page-background-meta":{"desktop":{"background-color":"var(--ast-global-color-4)","background-image":"","background-repeat":"repeat","background-position":"center center","background-size":"auto","background-attachment":"scroll","background-type":"","background-media":"","overlay-type":"","overlay-color":"","overlay-opacity":"","overlay-gradient":""},"tablet":{"background-color":"","background-image":"","background-repeat":"repeat","background-position":"center center","background-size":"auto","background-attachment":"scroll","background-type":"","background-media":"","overlay-type":"","overlay-color":"","overlay-opacity":"","overlay-gradient":""},"mobile":{"background-color":"","background-image":"","background-repeat":"repeat","background-position":"center center","background-size":"auto","background-attachment":"scroll","background-type":"","background-media":"","overlay-type":"","overlay-color":"","overlay-opacity":"","overlay-gradient":""}},"ast-content-background-meta":{"desktop":{"background-color":"var(--ast-global-color-5)","background-image":"","background-repeat":"repeat","background-position":"center center","background-size":"auto","background-attachment":"scroll","background-type":"","background-media":"","overlay-type":"","overlay-color":"","overlay-opacity":"","overlay-gradient":""},"tablet":{"background-color":"var(--ast-global-color-5)","background-image":"","background-repeat":"repeat","background-position":"center center","background-size":"auto","background-attachment":"scroll","background-type":"","background-media":"","overlay-type":"","overlay-color":"","overlay-opacity":"","overlay-gradient":""},"mobile":{"background-color":"var(--ast-global-color-5)","background-image":"","background-repeat":"repeat","background-position":"center center","background-size":"auto","background-attachment":"scroll","background-type":"","background-media":"","overlay-type":"","overlay-color":"","overlay-opacity":"","overlay-gradient":""}},"footnotes":""},"_links":{"self":[{"href":"https:\/\/test87546.futurehost.pl\/index.php?rest_route=\/wp\/v2\/pages\/1751"}],"collection":[{"href":"https:\/\/test87546.futurehost.pl\/index.php?rest_route=\/wp\/v2\/pages"}],"about":[{"href":"https:\/\/test87546.futurehost.pl\/index.php?rest_route=\/wp\/v2\/types\/page"}],"author":[{"embeddable":true,"href":"https:\/\/test87546.futurehost.pl\/index.php?rest_route=\/wp\/v2\/users\/1"}],"replies":[{"embeddable":true,"href":"https:\/\/test87546.futurehost.pl\/index.php?rest_route=%2Fwp%2Fv2%2Fcomments&post=1751"}],"version-history":[{"count":3,"href":"https:\/\/test87546.futurehost.pl\/index.php?rest_route=\/wp\/v2\/pages\/1751\/revisions"}],"predecessor-version":[{"id":1754,"href":"https:\/\/test87546.futurehost.pl\/index.php?rest_route=\/wp\/v2\/pages\/1751\/revisions\/1754"}],"wp:attachment":[{"href":"https:\/\/test87546.futurehost.pl\/index.php?rest_route=%2Fwp%2Fv2%2Fmedia&parent=1751"}],"curies":[{"name":"wp","href":"https:\/\/api.w.org\/{rel}","templated":true}]}}